*l**2 + 36*l + 1/12*l**4. Let w be v(-12). Calculate the highest common factor of 11 and w.
11
Let r be (-135)/(-120) + 2442/48. Calculate the greatest common factor of r and 923.
13
Suppose 332 = n + m, 0 = n + 4*m - 2*m - 334. Suppose -852 = -6*g - n. Calculate the greatest common factor of 58 and g.
29
Suppose -5*w + 5*j + 310 = 0, -243*w = -242*w + 3*j - 34. What is the highest common divisor of w and 132?
11
Suppose -632 + 2990 = 6*y. Suppose -y = -3*v - 321. What is the highest common factor of 54 and v?
6
Let m be 2*(4/(-14))/((-36)/189). Suppose m*t - 5 = -2*z, -2*t + z - 6*z - 15 = 0. Suppose 0 = -l + t. Calculate the highest common factor of 15 and l.
5
Let p(q) = 7*q**2 - q - 27. Let z be p(-8). Let g(y) = y**2 + 29*y - 63. Let m be g(-32). What is the greatest common factor of z and m?
33
Let h(i) = 2*i**3 + 43*i**2 - 9*i + 346. Let d be h(-21). Calculate the greatest common divisor of d and 80.
16
Let z be 371 + (24/6)/1. Suppose z = 2*k + 3*b, -5*k = -2*b - 1062 + 96. What is the greatest common divisor of 12 and k?
12
Suppose 353*p + 1575 = 416*p. What is the greatest common factor of p and 24?
1
Suppose -3*l + 32 = m - 25, 75 = 4*l + m. Calculate the greatest common divisor of l and 6906.
6
Suppose -8*n - 2393 = 32*z - 35*z, -3216 = -4*z - 2*n. Calculate the greatest common factor of z and 44.
11
Suppose -3*o + 6*c = 2*c - 32, -3*o + 5*c = -34. Suppose 0 = 5*a - 2*q - 0*q - 182, 5 = -5*q. Calculate the highest common divisor of a and o.
4
Let w(z) = z**3 + 112*z**2 - 110*z + 768. Let f be w(-113). What is the greatest common divisor of f and 78?
39
Let o(v) = v**3 + 82*v**2 + 631*v + 14. Let b be o(-73). What is the highest common divisor of b and 72?
8
Suppose -19*r - 39*r + 222933 + 22059 = 0. What is the greatest common factor of r and 66?
66
Let a = -9 - -49. Suppose -w + a = -5*o, -9*w + 5*w - 3*o + 68 = 0. What is the greatest common divisor of 200 and w?
20
Suppose 3*o + 3*k = 546, 0 = -2*o + 2*k + 112 + 244. What is the highest common divisor of 230 and o?
10
Let k = -59 + 61. Suppose k*g - 225 = -3*g. Calculate the greatest common factor of g and 30.
15
Suppose -5*s + 10*s - 115 = 0. Suppose -4*x + 1823 = 3*h + 422, 0 = h + 4*x - 467. Let g = -283 + h. What is the highest common divisor of g and s?
23
Let x(k) = -5*k - 2*k + 12*k + 2*k**2 - 3*k - k - 18. Let y be x(7). What is the highest common factor of 58 and y?
29
Let d be ((-2256)/32 - -24)*-3*6/27. What is the greatest common divisor of 41 and d?
1
Suppose -c - 5*s = -2*s - 178, 5*s = -2*c + 358. Suppose -4*d = -x + 93 - 21, 3*x - c = 4*d. Calculate the highest common factor of 784 and x.
56
Let c = -4100 + 5207. What is the highest common divisor of c and 27?
27
Let i be -64*(-2 + -1 + 15/(-12)). Suppose 4*m - 6*k + 3*k = i, 0 = 5*m - 4*k - 340. What is the greatest common divisor of 102 and m?
34
Let p(s) = 31*s + 6*s**2 - 17*s - 8*s - 12. Let u be p(2). Calculate the highest common factor of u and 408.
24
Let l(j) = 37*j - 1616. Let i be l(44). What is the greatest common divisor of i and 3540?
12
Suppose 0 = 5*r + 227*o - 229*o - 648, 4*r - 5*o = 515. Calculate the greatest common divisor of r and 4570.
10
Suppose 26*b + 3380 = 58*b - 22*b. What is the greatest common divisor of b and 598?
26
Suppose 5*m + 5*i + 29 = 144, -3*m = -5*i - 93. Suppose 28*c - 692 - 4040 = 0. Calculate the greatest common divisor of m and c.
13
Let l = -79 + 80. Suppose -64 + l = z. Let h = z - -210. What is the highest common divisor of h and 21?
21
Let x = -133 - -141. Suppose x*t = 22*t - 3948. Suppose -5*f = -v - t, f = -2*f + 4*v + 159. Calculate the highest common divisor of f and 19.
19
Suppose 647 = 378*u - 371 - 2006. What is the highest common divisor of 21704 and u?
8
Let i = -563 + 7619. What is the highest common divisor of 24 and i?
24
Let d(y) = -20*y + 41. Let n be d(2). Let i be 523 - (9/3)/n. Calculate the greatest common factor of 40 and i.
40
Let j = -60 + 118. Let d = -44 + j. Suppose -3*r + 1 - d = -p, 5*p + 3*r - 83 = 0. What is the highest common factor of 176 and p?
16
Let d(z) = -z**3 + 8*z**2 - 2*z + 7. Let h be d(7). Let p = 2407 - 2260. What is the highest common factor of h and p?
21
Let l(r) = 815*r + 49. Let b be l(2). Let q = b - 1128. Calculate the greatest common factor of 19 and q.
19
Suppose -4*u = -3*m - 483, -65 + 554 = 4*u - m. Let a = u + -98. Calculate the greatest common divisor of a and 75.
25
Suppose 2*u + 0*r = -r + 1360, 0 = 2*r - 8. Suppose -5*v - 378 = -u. Calculate the greatest common divisor of 220 and v.
20
Let z be 3 + 8/(0 + 2). Suppose -z*h = -4*h - 18. Suppose r + 40 = h*r. Calculate the highest common factor of r and 8.
8
Let r = 3803 - 3647. Calculate the greatest common factor of 15 and r.
3
Suppose -2*u + 530 = 30. Let h = u - 207. Calculate the highest common divisor of 43 and h.
43
Suppose -102*x + 3087 = 45*x. Let z(n) = -7*n**3 - 2*n**2 - 4*n + 3. Let t be z(-4). Let w = t - x. Calculate the highest common divisor of w and 46.
46
Let a(o) = 6*o**2 - 3*o - 105. Let m be a(8). Suppose -3*y - 5*j = -m, j + 171 = 4*y - 192. Let t = 21 + -11. What is the greatest common divisor of t and y?
10
Suppose 4*j + 0*j - 360 = 0. Suppose -2*y = 5*y + 336. Let h = y + 108. Calculate the highest common divisor of h and j.
30
Suppose -22*c - 3491 + 81063 = 0. Calculate the greatest common factor of c and 86.
86
Suppose -47*g + 42*g = 2645. Let y = -223 - g. Suppose -3*k + 17 = -85. Calculate the highest common divisor of y and k.
34
Let c(i) = 188*i + 1833. Let m be c(-7). Calculate the greatest common divisor of 376 and m.
47
Suppose -3*i + 20 - 11 = 0. Let d be -22 + 1 + (1 - -2). Let m = -17 - d. Calculate the highest common factor of m and i.
1
Let a(g) = 12*g**2 - 4. Let i be a(-3). Let b(y) = 12*y + 484. Let u be b(-36). What is the highest common factor of u and i?
52
Let a be ((-18)/12)/((-36)/1176). Calculate the greatest common factor of a and 4984.
7
Suppose 3*z - 74 = -o, -3*z - 3*o + 25 = -53. Suppose -1692*x + 847*x = -13520. What is the highest common factor of x and z?
8
Suppose -553 = q - 2039. Suppose 27*d - q = 350. Calculate the greatest common divisor of 16 and d.
4
Suppose -20*d = -46199 + 46119. Suppose 3*t - 2*u - 307 = 23, 2*t + 2*u = 210. Calculate the highest common divisor of d and t.
4
Suppose -34*n = -20*n - 2870. Suppose -d + 722 - n = 0. What is the highest common divisor of d and 11?
11
Let n = -21 - -26. Suppose -3*z + n*r - 3 = -z, 5*z + 3*r = 39. Let d be (z/7*-1)/(3/(-63)). What is the highest common factor of d and 198?
18
Let v be -52 - (-4 + (-1)/(-1)). Let s = 52 + v. Suppose c = 16 - s. Calculate the highest common divisor of 104 and c.
13
Suppose 21*w + 253 = 10*w. Let h be 18 + 0 - (-26 - w). Let t be (-460)/(-2) + (-2)/(-2). Calculate the highest common divisor of t and h.
21
Suppose -31*g - 4*g = -2030. Suppose -51 = 21*a - 22*a. Let i = -22 + a. Calculate the greatest common divisor of i and g.
29
Let u = 2636 + -2405. What is the highest common divisor of 10857 and u?
231
Suppose -5*d - m - 699 = 0, -3*m + 2*m + 274 = -2*d. Let c = d - -54. Let u = c - -153. Calculate the greatest common factor of u and 17.
17
Let g(c) = -3*c**2 - 713*c - 25411. Let t be g(-44). Let p be -1*3*9*-1. What is the greatest common factor of t and p?
9
Let a(f) = -f + 10. Let c be a(11). Let y be c/1 + 1430/(-13). Let l = -83 - y. What is the greatest common divisor of l and 252?
28
Let w = -16828 - -16975. What is the highest common factor of w and 2100?
21
Suppose -4*c + 2*v = -946, 1514*c + 955 = 1518*c + v. What is the greatest common factor of c and 1988?
14
Let s = 12 + -27. Let x(u) = -37*u + 23*u - 37 - u**2 - 4*u. Let t be x(s). What is the greatest common factor of t and 20?
4
Let l = -365 + 681. What is the highest common divisor of 2449 and l?
79
Let j = 7988 - -3133. Calculate the highest common factor of 22 and j.
11
Let t = -4282 - -4345. What is the highest common divisor of 9 and t?
9
Let h be 2 + 767 + 6/(-2). Let v = 1305 - h. Calculate the greatest common divisor of v and 49.
49
Let k = 293 - -85. Let d be 633/(-30)*-2*2 + 346/(-865). What is the greatest common divisor of k and d?
42
Let f(a) = 2*a**2 + 47*a + 6. Let p be f(-12). Let v = p - -275. Calculate the highest common divisor o